35?
False
Is 4802364 a multiple of 1596?
True
Is 2566957896 a multiple of 36?
True
Is 3 a factor of 285033?
True
Is 139849811 a multiple of 62?
False
Is 11 a factor of 3311506?
True
Is 2949648 a multiple of 13?
True
Is 823 a factor of 4654454279?
True
Is 20 a factor of 2199562960?
True
Is 603 a factor of 26948673?
True
Is 77039433 a multiple of 589?
True
Is 177484983 a multiple of 591?
True
Is 3423 a factor of 1049652681?
True
Is 13051944 a multiple of 499?
False
Is 588 a factor of 82848024?
True
Is 18204142 a multiple of 3?
False
Is 8876 a factor of 1717783302?
False
Is 395 a factor of 140580500?
True
Is 54321062 a multiple of 7?
False
Does 7200 divide 1575691200?
True
Is 11 a factor of 18194829?
False
Does 33 divide 4310559?
True
Is 2211696 a multiple of 3?
True
Does 31 divide 68508357?
True
Is 10 a factor of 76751708?
False
Does 41 divide 6310966?
True
Is 31 a factor of 15846735?
True
Is 27 a factor of 1994676502?
False
Does 33 divide 153564542?
False
Does 9 divide 9753313?
False
Does 314 divide 45346851?
False
Does 355 divide 19529260?
True
Is 238 a factor of 6265273?
False
Is 10350004 a multiple of 3?
False
Is 17 a factor of 1607506417?
True
Is 94895238 a multiple of 86?
True
Is 3221344 a multiple of 4?
True
Is 41809888 a multiple of 16?
True
Is 151511880 a multiple of 1690?
True
Is 2759 a factor of 714895026?
False
Is 283 a factor of 1783784962?
False
Is 12 a factor of 501950707?
False
Does 11 divide 5367615?
True
Does 1902 divide 347829090?
False
Does 50 divide 52197300?
True
Is 8 a factor of 2110071?
False
Is 487967354 a multiple of 119?
True
Is 2063 a factor of 38695844?
False
Is 103 a factor of 2720164080?
True
Is 136 a factor of 445209600?
True
Is 54 a factor of 60774138?
True
Is 335 a factor of 7170340?
True
Is 309 a factor of 1733354528?
False
Is 33 a factor of 218612522?
False
Does 172 divide 992257336?
True
Is 144700849 a multiple of 2400?
False
Is 442 a factor of 286818845?
False
Is 102193680 a multiple of 3480?
True
Is 564085341 a multiple of 116?
False
Is 982 a factor of 54164240?
False
Does 522 divide 45957924?
True
Is 52478745 a multiple of 4?
False
Is 55 a factor of 763299185?
True
Is 23134075 a multiple of 971?
True
Does 71 divide 43033313?
True
Does 148 divide 52802848?
True
Does 7 divide 4658255?
True
Does 14 divide 25425264?
False
Does 483 divide 1126152657?
True
Is 9 a factor of 404220536?
False
Is 297323728 a multiple of 403?
True
Is 2522657 a multiple of 3?
False
Is 21148254 a multiple of 38?
True
Is 82194318 a multiple of 46?
True
Does 1183 divide 295763013?
True
Is 35699995 a multiple of 381?
False
Is 312 a factor of 343019148?
False
Is 61 a factor of 555516691?
True
Does 15 divide 3051675?
True
Does 68 divide 29409116?
True
Is 11 a factor of 2482892387?
False
Is 169 a factor of 33648745?
True
Is 109 a factor of 13801575?
False
Is 18569530 a multiple of 245?
True
Does 23 divide 1802571590?
False
Does 16 divide 2265392?
True
Is 239 a factor of 798143364?
False
Does 7344 divide 334555920?
True
Is 10052595 a multiple of 7?
True
Does 2434 divide 223203342?
False
Is 959181359 a multiple of 12?
False
Is 4103525 a multiple of 14?
False
Is 9 a factor of 16431930?
True
Is 349457044 a multiple of 43?
True
Does 16 divide 1175521058?
False
Does 1841 divide 441963827?
False
Does 59 divide 161219113?
False
Is 66632022 a multiple of 247?
False
Is 16952343 a multiple of 12?
False
Is 366331428 a multiple of 6?
True
Is 35545563 a multiple of 2279?
True
Is 166640669 a multiple of 39?
False
Is 204324663 a multiple of 32?
False
Is 46855760 a multiple of 114?
False
Is 381 a factor of 84154137?
True
Does 7 divide 276870027?
True
Is 1016729030 a multiple of 46?
True
Is 140940612 a multiple of 39?
False
Is 3 a factor of 31474599?
True
Does 112 divide 211390928?
True
Does 748 divide 42308418?
False
Is 91532080 a multiple of 2516?
True
Is 117578218 a multiple of 28?
False
Is 15 a factor of 513204180?
True
Is 361931536 a multiple of 3?
False
Is 2033 a factor of 63268993?
True
Does 10404 divide 1713986172?
True
Does 52 divide 179116398?
False
Does 90 divide 3438810?
True
Does 235 divide 19666685?
False
Is 2958 a factor of 1286730?
True
Does 1511 divide 1370638677?
True
Does 201 divide 16660689?
True
Is 6 a factor of 20455200?
True
Is 1043814786 a multiple of 7?
True
Is 1185233504 a multiple of 3824?
True
Is 285203106 a multiple of 54?
True
Is 671651830 a multiple of 16?
False
Does 1176 divide 55295520?
True
Is 948 a factor of 1157508?
True
Does 325 divide 300071850?
True
Is 27 a factor of 728357508?
True
Does 107 divide 52951411?
True
Is 6 a factor of 335078822?
False
Does 69 divide 42691152?
False
Does 333 divide 20830078?
False
Is 332477856 a multiple of 2334?
False
Is 952249284 a multiple of 9?
True
Is 8102719 a multiple of 193?
True
Is 668 a factor of 291623416?
True
Is 15 a factor of 36521850?
True
Is 539 a factor of 17941154?
True
Does 244 divide 129341810?
False
Is 2928 a factor of 40382976?
True
Does 81 divide 2041936290?
True
Is 51513925 a multiple of 15?
False
Is 608043 a multiple of 2370?
False
Is 589 a factor of 6387116?
True
Is 5 a factor of 2163813?
False
Is 473266164 a multiple of 7126?
True
Does 2 divide 12176127?
False
Does 9 divide 3391323579?
True
Is 598991474 a multiple of 3119?
True
Is 44 a factor of 717188736?
True
Is 5617522554 a multiple of 16?
False
Does 120 divide 133710720?
True
Is 76 a factor of 169681026?
False
Does 537 divide 51684978?
False
Does 1044 divide 267164942?
False
Is 302189090 a multiple of 5?
True
Is 969505589 a multiple of 176?
False
Does 16 divide 888858068?
False
Is 258 a factor of 60438048?
True
Is 495 a factor of 141050745?
True
Is 1500 a factor of 4130203?
False
Is 103777154 a multiple of 26?
True
Does 14 divide 513773860?
False
Is 347 a factor of 1199032822?
True
Is 12 a factor of 22357170?
False
Is 642893070 a multiple of 755?
True
Does 9 divide 808819425?
True
Is 775471998 a multiple of 5089?
True
Is 24580508 a multiple of 1028?
True
Does 483 divide 157332955?
False
Is 2719 a factor of 3420498941?
False
Is 16534144 a multiple of 2?
True
Is 35095262 a multiple of 733?
False
Does 73 divide 672162072?
False
Is 161080756 a multiple of 9?
False
Is 457 a factor of 122517587?
True
Is 179 a factor of 90998051?
True
Is 233592410 a multiple of 34?
True
Is 118968730 a multiple of 277?
True
Is 2811 a factor of 263772996?
True
Does 8 divide 79826976?
True
Is 3425178672 a multiple of 15303?
True
Is 53 a factor of 5722574?
False
Does 46 divide 32382830?
False
Does 17 divide 3706449?
False
Is 31 a factor of 1318507438?
True
Is 67 a factor of 44396762?
False
Does 276 divide 459495840?
True
Is 55359372 a multiple of 3?
True
Is 9 a factor of 182705400?
True
Is 2045 a factor of 1475456584?
False
Is 106 a factor of 13251060?
True
Is 44254820 a multiple of 14?
False
Is 3726 a factor of 1441198170?
True
Is 75785712 a multiple of 16?
True
Is 4494971 a multiple of 121?
False
Is 37 a factor of 34136911?
False
Is 5035 a factor of 2100666007?
False
Does 11 divide 538362165?
True
Is 1455807188 a multiple of 105?
False
Is 7192597 a multiple of 59?
False
Does 46 divide 233284169?
False
Is 12 a factor of 827620236?
True
Does 204 divide 101596692?
True
Is 77288490 a multiple of 267?
True
Is 267522236 a multiple of 62?
False
Is 42 a factor of 50759933?
False
Is 133 a factor of 17820602?
False
Is 13 a factor of 202162077?
True
Is 191225747 a multiple of 1111?
False
Is 9 a factor of 566192546?
False
Does 99 divide 196854978?
False
Is 127107240 a multiple of 65?
True
Is 1642 a factor of 2681390926?
True
Is 30550704 a multiple of 32?
False
Does 5 divide 1139005800?
True
Is 2744607 even?
False
Is 2437 a factor of 270227256?
False
Does 50 divide 921338759?
False
Is 7581300 a multiple of 35?
False
Does 3 divide 23780421?
True
Is 1151155831 a multiple of 106?
False
Does 108 divide 1139602284?
True
Is 22 a factor of 3644285084?
True
Does 3657 divide 1927696125?
True
Is 5546950352 a multiple of 640?
False
Is 22 a factor of 11425614?
False
Is 2846 a factor of 241989688?
True
Does 42 divide 492071034?
True
Does 452 divide 1940499156?
False
Is 91 a factor of 36358332?
False
Does 4327 divide 113406343?
True
Is 2675083 a multiple of 145?
False
Is 104 a factor of 216848327?
False
Is 187 a factor of 30258844?
True
Is 939657746 a multiple